{"id":62,"date":"2021-09-22T22:03:17","date_gmt":"2021-09-23T03:03:17","guid":{"rendered":"http:\/\/saldos.in\/?post_type=product&#038;p=62"},"modified":"2025-09-29T22:57:36","modified_gmt":"2025-09-30T04:57:36","slug":"karcher-aspirador-vc-3","status":"publish","type":"product","link":"https:\/\/saldos.in\/?product=karcher-aspirador-vc-3","title":{"rendered":"KARCHER Aspirador VC 3"},"content":{"rendered":"<p>Ah\u00f3rrese tener que cambiar y comprar bolsas de filtro: la aspiradora VC 3 amarilla con tecnolog\u00eda multicicl\u00f3nica y dep\u00f3sito para la suciedad transparente y lavable.<\/p>\n<p>La compacta aspiradora VC 3 con tecnolog\u00eda multicicl\u00f3nica permite aspirar sin bolsa de filtro. As\u00ed se ahorrar\u00e1 tener que cambiar y comprar las caras bolsas de filtro. Adem\u00e1s, su dep\u00f3sito para la suciedad transparente muestra de un vistazo cu\u00e1ndo hay que vaciarlo. Por otra parte, gracias al sistema sin bolsa, no se forman olores desagradables, lo cual es una buena noticia no solo para los al\u00e9rgicos. Su tama\u00f1o compacto hace de la VC 3 la aspiradora perfecta para una gran variedad de usos en pisos y casas peque\u00f1as. Quedar\u00e1n perfectamente limpios no solo los suelos duros y las alfombras, sino tambi\u00e9n los espacios estrechos y las superficies delicadas, gracias a la boquilla de ranuras y la brocha para muebles. Entre el equipamiento espec\u00edfico de la aspiradora se encuentran tambi\u00e9n el filtro HEPA 12, que filtra de forma fiable la suciedad m\u00e1s fina como, por ejemplo, polen y otras part\u00edculas alerg\u00e9nicas, y la pr\u00e1ctica posici\u00f3n de estacionamiento.<\/p>\n<div id=\"featurebenefits\" data-anchor=\"Caracter\u00edsticas y ventajas\">\n<h5 class=\"section-headline\">CARACTER\u00cdSTICAS Y VENTAJAS<\/h5>\n<div class=\"row\">\n<div class=\"col-sm-12\">\n<div class=\"row fc-featurebenefits-row\">\n<div class=\"col-sm-5\">\n<h6>Tecnolog\u00eda multicicl\u00f3nica<\/h6>\n<\/div>\n<div class=\"col-sm-7 col-no-padding\">\n<ul>\n<li>Sin p\u00e9rdida de la potencia de aspiraci\u00f3n<\/li>\n<li>No requiere comprar costosas bolsas de filtros.<\/li>\n<li>El dep\u00f3sito para la suciedad se puede lavar simplemente con agua.<\/li>\n<\/ul>\n<\/div>\n<\/div>\n<div class=\"row fc-featurebenefits-row\">\n<div class=\"col-sm-5\">\n<h6>Filtro HEPA 12<\/h6>\n<\/div>\n<div class=\"col-sm-7 col-no-padding\">\n<ul>\n<li>Filtra el 99,5\u00a0% del polvo y otras part\u00edculas finas.<\/li>\n<li>Protege la salud.<\/li>\n<li>Mejora del medio ambiente.<\/li>\n<\/ul>\n<\/div>\n<\/div>\n<div class=\"row fc-featurebenefits-row\">\n<div class=\"col-sm-5\">\n<h6>Muy silenciosa<\/h6>\n<\/div>\n<div class=\"col-sm-7 col-no-padding\">\n<ul>\n<li>No molesta en la vida cotidiana<\/li>\n<li>C\u00f3moda aplicaci\u00f3n.<\/li>\n<\/ul>\n<\/div>\n<\/div>\n<\/div>\n<\/div>\n<\/div>\n<div id=\"specifications\" class=\"row\" data-anchor=\"Especificaciones\">\n<div class=\"col-sm-12\">\n<h5 class=\"section-headline\">ESPECIFICACIONES<\/h5>\n<div class=\"row\">\n<div class=\"col-sm-6\">\n<h3>Especificaciones t\u00e9cnicas<\/h3>\n<table class=\"table\">\n<tbody>\n<tr>\n<td>Potencia absorbida. (W)<\/td>\n<td>800<\/td>\n<\/tr>\n<tr>\n<td>Radio de acci\u00f3n (m)<\/td>\n<td>6,5<\/td>\n<\/tr>\n<tr>\n<td>Volumen de dep\u00f3sito para suciedad (l)<\/td>\n<td>0,9<\/td>\n<\/tr>\n<tr>\n<td>Intensidad ac\u00fastica (dB\/A)<\/td>\n<td>78<\/td>\n<\/tr>\n<tr>\n<td>Tipo de corriente. (V\/<span class=\"fix-spelling\">Hz<\/span>)<\/td>\n<td>110 &#8211; 127 \/ 50 &#8211; 60<\/td>\n<\/tr>\n<tr>\n<td>Peso sin accesorios. (kg)<\/td>\n<td>4,5<\/td>\n<\/tr>\n<tr>\n<td>Peso con embalaje incluido. (kg)<\/td>\n<td>8,3<\/td>\n<\/tr>\n<tr>\n<td>Dimensiones (la. \u00d7 an. \u00d7 al.). (mm)<\/td>\n<td>388 x 269 x 334<\/td>\n<\/tr>\n<\/tbody>\n<\/table>\n<\/div>\n<div class=\"col-sm-6\">\n<h3>Equipamiento<\/h3>\n<ul>\n<li>Manguera de aspiraci\u00f3n, 1.5 m<\/li>\n<li>Revestimiento suave de la empu\u00f1adura<\/li>\n<li>Tubo de aspiraci\u00f3n telesc\u00f3pico<\/li>\n<li>Filtro HEPA 12 (EN1822:1998)<\/li>\n<li>Pr\u00e1ctica posici\u00f3n de estacionamiento<\/li>\n<li>Enrollamiento autom\u00e1tico de cable<\/li>\n<li>Boquilla para suelos<\/li>\n<li>Boquilla de ranuras telesc\u00f3pica<\/li>\n<li>Pincel para muebles<\/li>\n<li>Boquilla para parqu\u00e9<\/li>\n<\/ul>\n<\/div>\n<\/div>\n<\/div>\n<\/div>\n","protected":false},"excerpt":{"rendered":"<p>Ah\u00f3rrese tener que cambiar y comprar bolsas de filtro: la aspiradora VC 3 amarilla con tecnolog\u00eda multicicl\u00f3nica y dep\u00f3sito para&#8230;<\/p>\n","protected":false},"featured_media":63,"comment_status":"open","ping_status":"closed","template":"","meta":[],"product_cat":[43,23],"product_tag":[44,46,45],"jetpack_sharing_enabled":true,"_links":{"self":[{"href":"https:\/\/saldos.in\/index.php?rest_route=\/wp\/v2\/product\/62"}],"collection":[{"href":"https:\/\/saldos.in\/index.php?rest_route=\/wp\/v2\/product"}],"about":[{"href":"https:\/\/saldos.in\/index.php?rest_route=\/wp\/v2\/types\/product"}],"replies":[{"embeddable":true,"href":"https:\/\/saldos.in\/index.php?rest_route=%2Fwp%2Fv2%2Fcomments&post=62"}],"wp:featuredmedia":[{"embeddable":true,"href":"https:\/\/saldos.in\/index.php?rest_route=\/wp\/v2\/media\/63"}],"wp:attachment":[{"href":"https:\/\/saldos.in\/index.php?rest_route=%2Fwp%2Fv2%2Fmedia&parent=62"}],"wp:term":[{"taxonomy":"product_cat","embeddable":true,"href":"https:\/\/saldos.in\/index.php?rest_route=%2Fwp%2Fv2%2Fproduct_cat&post=62"},{"taxonomy":"product_tag","embeddable":true,"href":"https:\/\/saldos.in\/index.php?rest_route=%2Fwp%2Fv2%2Fproduct_tag&post=62"}],"curies":[{"name":"wp","href":"https:\/\/api.w.org\/{rel}","templated":true}]}}